 greatest common divisor of j and 13.
13
Suppose -6*u + 25 = -u. Suppose 2*b - 3*d - 70 = -7*d, 4*d = 5*b - 175. Calculate the greatest common divisor of u and b.
5
Let w be 2 + 1 - -158 - 8. Let y(x) = -6*x - 1. Let p be y(-3). Calculate the highest common divisor of p and w.
17
Suppose v + 184 = 3*v. Let t = v - 62. Let o = 118 + -73. Calculate the greatest common factor of t and o.
15
Suppose 13 = 9*g - 95. Let w be (-3 - -1)*(0 + g/(-4)). Calculate the highest common factor of 30 and w.
6
Suppose 8*f - 94 = -22. Calculate the highest common factor of f and 7.
1
Let p(t) be the third derivative of -5*t**2 + 0 + 0*t**4 + 0*t + 11/60*t**5 - 1/6*t**3. Let d be p(-1). Calculate the highest common divisor of d and 30.
10
Suppose 4*j - 4*t = 0, -2*j - 2*j - t = 15. Let u be (-12)/36 + (-79)/j. What is the greatest common factor of u and 26?
26
Let f = 33 + -98. Let p = f + 72. Let y = -114 - -177. What is the greatest common factor of y and p?
7
Suppose -y = 2 - 1. Let a(m) = -m**3 - 4*m**2 - m + 6. Let z be a(-3). Let w be (z + y)/((-3)/15). Calculate the greatest common divisor of 55 and w.
5
Let l = 127 - 28. Suppose -45 - l = -6*h. What is the greatest common factor of 72 and h?
24
Let j(r) = r**2 - 3*r - 3. Let k be j(2). Let n be 1/(3 + k/2). What is the greatest common divisor of 3 and n?
1
Let m be (54 + -46)*(0 - -1 - 4). Let c be (-4)/(0 + m/138). Calculate the greatest common divisor of 115 and c.
23
Suppose t - 83 = 195. Suppose -5*z + t = -672. Calculate the greatest common divisor of z and 76.
38
Suppose 4*u + 116 = 2*q, -2*q + u = 3*q - 281. Let m(o) = 2*o**3 + o**2 - 7*o + 1. Let d be m(2). Calculate the greatest common factor of q and d.
7
Let b = -59 - -143. Let m = -95 + 109. Calculate the highest common factor of m and b.
14
Suppose 0 = -2*j, 0 = -2*y + 3*j + 2836 - 860. Calculate the highest common factor of y and 304.
76
Suppose 0 = 5*h - 0*h + 2*t - 193, t + 118 = 3*h. What is the highest common divisor of h and 26?
13
Let n be 23*1 + -3 + 3. Let o(f) = -f**3 + 107*f**2 - 406*f - 1. Let t be o(4). Calculate the greatest common divisor of n and t.
23
Let j = 390 + -266. Calculate the highest common factor of 310 and j.
62
Suppose 2*i = -2*i + 8. Suppose 0*o = i*o - 14. Let w = -3 + o. What is the highest common factor of 8 and w?
4
Suppose -m - 18 = -3*w + 103, -4*w - m = -173. What is the greatest common divisor of 126 and w?
42
Let a be (-3)/((-36)/645) - (-9)/(-12). Calculate the highest common factor of a and 689.
53
Let d = 138 + -81. Let k = -480 - -518. What is the greatest common divisor of d and k?
19
Let m = -68 - -98. Suppose -2*v = 3*v + m. Let c be (-2)/v + 44/3. Calculate the highest common divisor of c and 10.
5
Suppose -144 = -70*d + 64*d. Calculate the greatest common divisor of d and 114.
6
Suppose 3*o + o = -5*v - 30, 3*o + 23 = -4*v. Let h = 32 - v. Calculate the highest common divisor of 17 and h.
17
Let k be 7/(-2)*1*-44. Let o(m) = -15*m - 18. Let l be o(-2). Suppose -36 = l*y - 300. Calculate the highest common divisor of y and k.
22
Let d(s) = 3*s + 15. Let h be d(-5). Let y be 3/9*h + -3. Let z be (-1)/(4/(132/y)). What is the greatest common factor of 44 and z?
11
Suppose 0 = -5*j + 5*n + 16600, -1063 - 2255 = -j + 2*n. What is the greatest common factor of j and 151?
151
Let f(p) = 17*p**2 + 13*p - 50. Let a be f(6). What is the highest common divisor of 40 and a?
40
Let a be (6/4)/((-2)/(-84)). Let x = -71 + 74. Suppose -4*p + 0*p - 3*n = -30, p - x*n = 15. Calculate the highest common factor of a and p.
9
Let i(s) = -s**2 - 2*s + 2. Let l be i(0). Let k be (3/l - 1)/((-18)/(-432)). Calculate the greatest common factor of k and 6.
6
Let j(b) = -5 - 10*b + 31*b**2 - 30*b**2 + 2*b. Let s be j(9). Suppose -8*k + 48 = -s*k. Calculate the greatest common factor of 8 and k.
4
Suppose -o - 4*w + 142 = 0, 0 = -4*o - w - 131 + 639. Let x(b) = -6*b**3 - 2*b**2 - b. Let p be x(-2). What is the greatest common divisor of p and o?
42
Suppose -33 = -0*n - n. Let b(s) = s**3 - 17*s**2 + s - 6. Let i = 28 - 11. Let o be b(i). Calculate the highest common factor of n and o.
11
Let a = -243 + 335. What is the highest common factor of a and 506?
46
Suppose -30 = 3*s - 2*q, 5*q = 2*s + 3*q + 20. Let a(i) = -7*i**2 - 3*i. Let p be a(-2). Let n = s - p. What is the highest common divisor of 60 and n?
12
Suppose 34*z - 721 = 945. What is the highest common divisor of 784 and z?
49
Let c = -610 + 746. What is the greatest common factor of 476 and c?
68
Let j be 9 - ((-3 - 0) + 1). Suppose -2*g - 8 = -4*h - 7*g, -g = -5*h + 10. Let m = h + -1. What is the highest common factor of m and j?
1
Let f(m) = m**3 + 15*m**2 + 34*m + 8. Let y be f(-12). What is the greatest common factor of 152 and y?
8
Let l = 12 - 12. Let b be l/(0 - 2/1). Suppose b = y - 2*y + 11. What is the highest common factor of 77 and y?
11
Let i(m) = m**2 - 13*m + 3. Let w be i(12). Let f = 9 + w. Let r(u) = -u**3 + u**2 + u + 4. Let q be r(f). Calculate the highest common divisor of 36 and q.
4
Suppose -620*f + 601*f + 570 = 0. Let s be 4/(1/((-3)/(-2))). What is the highest common divisor of s and f?
6
Let z(t) be the third derivative of t**4/24 - t**3/2 - t**2. Let d be (-1)/(4/22 - 57/132). Let k be z(d). What is the greatest common divisor of 4 and k?
1
Let p = -105 - -119. What is the highest common divisor of 15 and p?
1
Let g = -137 - -151. Calculate the highest common divisor of 14 and g.
14
Let q(f) = f**3 + f**2 - f - 1. Let c be q(-1). Suppose 2*p - 2*y + 0*y - 42 = c, -37 = -2*p - 3*y. What is the highest common factor of 4 and p?
4
Suppose 0 = 2*a + c + 1, -a + 17 = 4*c - 0*c. Let l be (-4)/12 - 13/a. Calculate the greatest common divisor of 12 and l.
4
Let i(g) = g**2 - 24*g - 109. Let j be i(29). What is the highest common factor of j and 60?
12
Let h(v) = -v - 2. Let g be h(11). Let u = g - -8. Let c be (3/u)/(-1)*55. What is the highest common divisor of 99 and c?
33
Suppose -24 + 18 = -3*d. Let s(v) be the second derivative of 5*v**3/6 - v**2/2 - 4*v. Let t be s(d). Calculate the greatest common divisor of t and 36.
9
Suppose -3*b - 1090 = -13*b. Suppose -g - b + 128 = 0. What is the highest common divisor of 19 and g?
19
Suppose -5*s + 35 = -20. Calculate the greatest common divisor of s and 319.
11
Let t = 227 + -207. Calculate the highest common factor of 1210 and t.
10
Let j be (-6)/21 + (-5600)/(-49). What is the greatest common divisor of j and 969?
57
Let k be 18 + (2 - (3 + 0))*-1. What is the highest common divisor of 19 and k?
19
Let g(u) = -u**3 - 2*u**2 - u - 2. Let l be g(-2). Suppose -4*h + l = -12. Calculate the highest common factor of 33 and h.
3
Let w(q) = 3*q**2 - 50*q + 43. Let x be w(16). What is the greatest common factor of x and 99?
11
Let p(s) = s**3 + 14*s**2 + 4*s - 109. Let m be p(-13). What is the highest common factor of m and 808?
8
Let q = -12 - -100. What is the greatest common factor of q and 11?
11
Let o = -20 - -18. Let g be 5*(o + 72/20). What is the highest common divisor of 24 and g?
8
Let r be (-250)/(-40) - 7 - (-918)/8. Calculate the highest common divisor of r and 513.
57
Suppose 2*x = -4*d + 668, 5*x + 4*d - 775 = 907. Calculate the highest common divisor of x and 2.
2
Suppose -436*x = -433*x - 297. Calculate the highest common factor of 22 and x.
11
Let t = 2 - -5. Let m be (-13)/(-4) + (-24)/(-32). Suppose l - m*l + 3 = 0. What is the greatest common factor of l and t?
1
Let l be (-13)/(858/4896) - (-4)/22. Let k = l + 338. Calculate the greatest common factor of k and 33.
33
Let w = 91 + 0. What is the highest common divisor of 13 and w?
13
Let n(i) = -40*i - 8. Let u be n(-3). Suppose -v = 2*t - 32, 4*v - 3*t - u = -28. Calculate the greatest common factor of 12 and v.
12
Let a = 1623 + -1220. What is the greatest common divisor of 93 and a?
31
Suppose -45*k = -190 - 170. What is the greatest common divisor of 296 and k?
8
Let u(w) = 3*w**2 + 23*w + 7. Let c be u(-8). Calculate the highest common divisor of 165 and c.
15
Suppose 2*c = 5*c - 150. Let o = -38 - -40. Let h be (2 - 5/o)*-20. What is the highest common factor of c and h?
10
Suppose 2*k + 2*d - 466 = 0, 693 = 3*k + 11*d - 10*d. Calculate the greatest common divisor of 207 and k.
23
Let y = 2574 - 2534. What is the highest